 + -1*1. Suppose 40 = 5*d - 5*a - b*a, 0 = 5*d + 5*a - 80. What is the tens digit of d?
1
What is the units digit of ((-3 - -1) + -1)/((-15)/580)?
6
Let j(b) = 5 + 1 + 3*b + 8*b**3 + 5*b**3 + 6*b**2. Let p(a) = 7*a**3 + 3*a**2 + 2*a + 3. Let f(v) = 6*j(v) - 11*p(v). What is the tens digit of f(2)?
1
Suppose -h + 16 = -24. Let u = 59 - h. What is the units digit of u?
9
Let t(w) = w + 2. Let x be t(2). Let f(m) = -m**3 + 5*m**2 - 2*m - 3. What is the units digit of f(x)?
5
Let y(m) be the second derivative of m**3/3 - 2*m**2 - m. Suppose -2 = 3*x - 5*g, 2*g = -4*x - 14 + 46. What is the units digit of y(x)?
8
Suppose -74 = -3*k - 5*m + 518, 3*m = -4*k + 782. What is the hundreds digit of k?
1
What is the tens digit of (-405)/(-25) + (-1)/5?
1
Suppose -4*d - 32 = 5*q - 0*q, -4*q = -d + 13. Suppose 0 = -4*a - 3*h - h + 20, 4*a + 2*h = 14. What is the units digit of a/q*-14*1?
7
Let c(y) = y**3 + 9*y**2 + 8*y - 4. Let o be c(-8). Let m = o - -8. What is the units digit of m?
4
Let p(z) = -z**2 + 7*z + 8. Let t be p(6). Let k be (-4)/t - (-14)/49. Suppose k = -q + 4*q - 18. What is the units digit of q?
6
Suppose 3*d = -0*h + h - 18, 2*h = 5*d + 31. Suppose -7*k + 152 = -h*k. What is the tens digit of k?
3
Let w(h) = -6*h - 1. Suppose 6*j - 3*j = -2*i - 7, 5*j - i = -29. Let k be w(j). Suppose k = -4*d + 73. What is the tens digit of d?
1
Let t = 3 + -6. Let l = 10 + t. What is the units digit of l?
7
Let d(s) = s**3 + 6*s**2 + 4*s - 2. Let h be d(-5). Let f(u) = -3*u - 1 + 9*u**2 - 2*u**2 + u**h - 4. What is the tens digit of f(-7)?
1
Suppose 5*j - 19 = -3*p, -5*j - 3*p = p - 17. Suppose -y = -5*q + 68, -j*y = -2*y - 6. What is the tens digit of q?
1
Let p = -54 - -136. What is the tens digit of p?
8
Suppose 1 = 5*g - 14. Suppose g*j = -0*j + 78. What is the tens digit of j?
2
Let o = -16 + 16. What is the units digit of 3*((-69)/(-9) + o)?
3
Suppose -22 = -2*x - 4*t, -5 = x - 4*t + 2*t. Suppose -f - 36 = -6*q + 2*q, -x*q + 3*f + 27 = 0. Suppose -n - q = -4*n. What is the units digit of n?
3
Let a(k) = -2*k**3 - 7 - k**2 + k**3 - k + 19. What is the tens digit of a(0)?
1
Let w be ((-2)/(-6))/(3/9). Let c(m) = -m**3 + 1 + 4*m**3 + 0*m**2 - m - m**2. What is the units digit of c(w)?
2
Let p be 4/(-18) + 237/(-27). Let i(l) be the third derivative of -l**6/120 - 3*l**5/20 - l**4/12 - l**3 + l**2. What is the tens digit of i(p)?
1
Suppose 5*n = -3*u - 54, u + 14 = 4*n + 64. What is the tens digit of 1/4 + (-189)/n?
1
Let i = -1 - 8. Let d = i + 5. What is the tens digit of 34/d*8/(-4)?
1
Let o = 4 - 0. Suppose -48 = -o*y - 0. Suppose -3*f = f - y. What is the units digit of f?
3
Let u = -19 - -74. What is the tens digit of u?
5
Suppose 0 = 2*i + y - 168, -4*y + 168 = -i + 3*i. What is the units digit of i?
4
What is the hundreds digit of (0/(-5) + -1 - 0) + 277?
2
Let i(c) = 3*c**3 - 4*c**2 - 3. Let t be i(3). Suppose -u + t = u. What is the units digit of u?
1
Let n = 156 + -144. What is the units digit of n?
2
Let s(p) = 8*p**2 - 3*p + 4. What is the units digit of s(3)?
7
Suppose -f + 1 = -4*u, 3*f = 2*u - 0 + 3. Suppose -2*l = 5*m - 86, m - 4*l = -u*l + 4. What is the units digit of m?
6
Let i(a) = -2*a - 3. Let t(m) = m - 20. Let r be t(12). What is the units digit of i(r)?
3
Suppose n + c = 44, 3*n + n - 3*c - 162 = 0. What is the units digit of n?
2
Let w = -172 + 255. What is the units digit of w?
3
What is the hundreds digit of (-4)/38 + 31269/133?
2
Let n(a) = -a**2 - 8*a + 2. Let p be n(-8). Let o = -1 + p. Let c = o - -9. What is the units digit of c?
0
Let o = 8 + -7. Suppose -16 = -3*t - o. Let j = 8 - t. What is the units digit of j?
3
Let z(f) = f**2 - 3*f + 3. What is the units digit of z(6)?
1
Let q(j) = -2*j + 78. What is the tens digit of q(0)?
7
Suppose -50 = i - 6*i. Let w = 36 + -22. Let t = w - i. What is the units digit of t?
4
What is the units digit of 172 + 0/(-4) + 1?
3
Let t(r) = -4*r + 1. Suppose 0 = 5*j - j + 4. Let p(a) = 2*a. Let x be p(j). What is the units digit of t(x)?
9
Let v be 5/(1 + (-4)/6). Suppose -12*s + 10*s = 22. Let o = s + v. What is the units digit of o?
4
What is the units digit of 5 - 46/10 - (-638)/5?
8
Let r = -20 + 66. What is the units digit of r?
6
Let g be -2 - (-9 - (-2)/1). Let u = g + -1. Suppose 3*l = u*l - 4. What is the units digit of l?
4
What is the hundreds digit of ((-238)/(-3))/(30/9 - 3)?
2
Let x = 62 - 51. What is the units digit of x?
1
Let v(y) = -4*y - 1. Let o be v(3). Let c = o + 17. What is the units digit of c?
4
Suppose 1 = -0*q - q. Let x(k) = -12*k + 1. What is the units digit of x(q)?
3
Suppose 0 = -2*a - 0*a + 8. Suppose o = 3*o - a. What is the units digit of o/4 + (-15)/(-10)?
2
Suppose 3*f = 8*f. What is the tens digit of 54/(-4)*-2 - f?
2
What is the hundreds digit of 14/49 + (-2810)/(-14)?
2
Let y be 2/3 - 48/(-9). Suppose -42 = -2*p + 7*q - 2*q, -y = 3*q. What is the units digit of p?
6
Suppose 5*n + 19 = -3*u + 1, 0 = 3*n + u + 14. Let q(k) be the third derivative of -k**4/12 + 5*k**3/6 + 3*k**2. What is the tens digit of q(n)?
1
Suppose -z + 1 + 1 = 0. Let j = 5 - z. Suppose -15 = -3*u - j. What is the units digit of u?
4
Let b be (-2*2 - -1)*1. Let c(i) = -i**3 + 8 - 4 - 4*i + 2*i - 3*i**2. What is the units digit of c(b)?
0
Let v be (-363)/(-12) + 1/(-4). What is the units digit of (-10)/4*(-156)/v?
3
Suppose -g + 5*z = 20, 0 = -2*g + 6*g - 2*z + 8. Suppose g = 3*b - 20 + 8. What is the units digit of b?
4
Let b be (36/(-8))/((-6)/(-8)). Let c = -2 - b. What is the units digit of c?
4
Let v(u) = 5*u + 8. What is the units digit of v(7)?
3
Let m(l) = l - 8. Let p(r) = -r + 6. Let q be p(0). Let z be m(q). What is the units digit of 1*(z + 0) + 16?
4
Let a be -2 + 1 + 3 + 0. Suppose -b - a = -12. Let h = 20 - b. What is the tens digit of h?
1
What is the units digit of 2/1 + 56/1?
8
Let h(f) = -f**2 - 7*f - 5. Let v be h(-5). Let i = 8 - v. What is the units digit of i?
3
Suppose -4*b + 849 - 81 = 0. What is the tens digit of b?
9
Let u(c) = c**3 - 16*c**2 + 3*c + 14. What is the tens digit of u(16)?
6
Let c(w) = w**3 - 7*w**2 - 3*w - 10. Let z be c(8). What is the units digit of z/4*(-8)/(-10)?
6
Suppose 6*j - 267 = 207. What is the units digit of j?
9
Suppose -8*u + 9*u - 60 = 0. Suppose -13*t = -8*t - u. What is the units digit of t?
2
Let g = 2 + 0. What is the units digit of g?
2
Let q(y) = y**2 + 10. Let z be q(9). Suppose z = 4*s + 3. What is the units digit of s?
2
Let u(v) = 9*v**2 + 4*v**3 - 3*v + 1 - 11 - 6*v - 3*v**3. Let z(y) = y**3 + 8*y**2 - 9*y - 9. Let t(a) = -3*u(a) + 4*z(a). What is the tens digit of t(-6)?
1
Suppose -2*o = 3*o - 205. What is the units digit of o?
1
Suppose -5*q + 6*q = 5. Suppose q*l - 2*l - 78 = 0. What is the tens digit of l?
2
Suppose -4 = -m - 0*m. Suppose -14 + m = -f. What is the units digit of f?
0
Suppose -15 = n + 2*n. Let j(v) = 7*v**2 + 12*v - 4. Let m(w) = -15*w**2 - 25*w + 9. Let g(a) = -13*j(a) - 6*m(a). What is the units digit of g(n)?
3
Let o(f) = f**3 - 6*f**2 + f - 3. Let j be o(6). What is the tens digit of (4 - (j + -2)) + 7?
1
Suppose -2*g - 3*s - 6 = 0, 3*g = -0*g + s + 2. Suppose 2*l + g*l = 12. What is the units digit of l?
6
Suppose 87 = -a + 4*a + b, 4*a - 5*b - 116 = 0. What is the tens digit of a?
2
Suppose -3*i + 7*i - 64 = 0. What is the tens digit of 228/i + 1/(-4)?
1
Let s(y) = -y**2 + 13*y - 4. What is the units digit of s(9)?
2
Let m = -10 - -15. Let u(a) = 2*a + 6. What is the tens digit of u(m)?
1
Let t be 104/28 + (-2)/(-7). Suppose 4*o + t = 4*j + 12, 3*j + o + 6 = 0. Let d = j + 4. What is the units digit of d?
2
Let z(a) = -a**3 - a - 16 - 8*a**2 + 15 + 2*a**2. What is the units digit of z(-6)?
5
Let i(x) = -7*x + 8. Let f be i(-7). Let v = f + -35. Suppose -16 = 2*s - 4*s - 4*z, 0 = 2*s + z - v. What is the units digit of s?
2
Suppose 15 = -0*v + 5*v. Suppose -v*k = -5*k + 92. Suppose z - 2*o - 16 = -3*o, 0 = 4*z - 5*o - k. What is the units digit of z?
4
Let i be -3*(1 + (-2)/6). Let r be (-1 - i/4)*0. Suppose -5*o + 4*x = -61, r*x + 12 = o - x. What is the tens digit of o?
1
Let b be (-4 + 5)/((-1)/(-4)). Suppose 0 = -j + b*j. Suppose -x - n + 0*n = -15, j = -3*x + 4*n + 24. What is the tens digit of x?
1
Let l be (-1)/(-7) - 316/7. Let a = -2 - l. What is the tens digit of a?
4